{"id":1266,"date":"2023-04-12T14:16:06","date_gmt":"2023-04-12T12:16:06","guid":{"rendered":"https:\/\/vs-lohnsburg.at\/?page_id=1266"},"modified":"2026-03-13T10:53:17","modified_gmt":"2026-03-13T09:53:17","slug":"termine","status":"publish","type":"page","link":"https:\/\/vs-lohnsburg.at\/?page_id=1266","title":{"rendered":"Termine"},"content":{"rendered":"\r\n<p>Alle aktuellen Termine k\u00f6nnen hier gefunden werden. Der Schulkalender kann auch direkt als Kalenderabo am Smartphone hinzugef\u00fcgt werden. F\u00fcr die Anleitung, bitte <a href=\"https:\/\/vs-lohnsburg.at\/?page_id=1375\" data-type=\"page\" data-id=\"1375\">HIER<\/a> klicken.<\/p>\r\n<table width=\"874\">\r\n<tbody>\r\n<tr>\r\n<td width=\"394\">\r\n<p><strong>2025<\/strong><\/p>\r\n<\/td>\r\n<td width=\"474\">\r\n<p>&nbsp;<\/p>\r\n<\/td>\r\n<\/tr>\r\n<tr>\r\n<td width=\"394\">\r\n<p>Samstag 5. Juli bis Sonntag 7. September 2025<\/p>\r\n<\/td>\r\n<td width=\"474\">\r\n<p><strong>Sommerferien<\/strong><\/p>\r\n<\/td>\r\n<\/tr>\r\n<tr>\r\n<td width=\"394\">\r\n<p>Montag 8. September 2025<\/p>\r\n<\/td>\r\n<td width=\"474\">\r\n<p><strong>Schulbeginn<\/strong><\/p>\r\n<\/td>\r\n<\/tr>\r\n<tr>\r\n<td width=\"394\">\r\n<p>Dienstag 7.Oktober 2025<\/p>\r\n<\/td>\r\n<td width=\"474\">\r\n<p><strong>Waldworkshop, 1a,1b<\/strong><\/p>\r\n<\/td>\r\n<\/tr>\r\n<tr>\r\n<td width=\"394\">\r\n<p>Donnerstag 9.Oktober 2025<\/p>\r\n<\/td>\r\n<td width=\"474\">\r\n<p><strong>Fototermin<\/strong><\/p>\r\n<\/td>\r\n<\/tr>\r\n<tr>\r\n<td width=\"394\">\r\n<p>Dienstag 14. Oktober 2025<\/p>\r\n<\/td>\r\n<td width=\"474\">\r\n<p><strong>Klimaworkshop, 2a, 2b<\/strong><\/p>\r\n<\/td>\r\n<\/tr>\r\n<tr>\r\n<td width=\"394\">\r\n<p>Sonntag\u00a026.\u00a0Oktober 2025<\/p>\r\n<\/td>\r\n<td width=\"474\">\r\n<p>\u00d6sterreichischer Nationalfeiertag (gesetzlicher Feiertag)<\/p>\r\n<\/td>\r\n<\/tr>\r\n<tr>\r\n<td width=\"394\">\r\n<p>Montag 27. Oktober bis Freitag 31. Oktober 2025<\/p>\r\n<\/td>\r\n<td width=\"474\">\r\n<p><strong>Herbstferien<\/strong><\/p>\r\n<\/td>\r\n<\/tr>\r\n<tr>\r\n<td width=\"394\">\r\n<p>Samstag 1. November 2025<\/p>\r\n<\/td>\r\n<td width=\"474\">\r\n<p>Allerheiligen (gesetzlicher Feiertag)<\/p>\r\n<\/td>\r\n<\/tr>\r\n<tr>\r\n<td width=\"394\">\r\n<p>Sonntag 2. November 2025<\/p>\r\n<\/td>\r\n<td width=\"474\">\r\n<p>Allerseelen (schulfrei in allen Bundesl\u00e4ndern)<\/p>\r\n<\/td>\r\n<\/tr>\r\n<tr>\r\n<td width=\"394\">\r\n<p>Dienstag 11. November 2025<\/p>\r\n<\/td>\r\n<td width=\"474\">\r\n<p>Anreise Missimo Truck<\/p>\r\n<\/td>\r\n<\/tr>\r\n<tr>\r\n<td width=\"394\">\r\n<p>Mittwoch 12. November 2025<\/p>\r\n<\/td>\r\n<td width=\"474\">\r\n<p>Workshop Missimo, 3a,3b \u2013 Nachmittag: Gro\u00dfeltern<\/p>\r\n<p>Workshop 3a, Young Science<\/p>\r\n<\/td>\r\n<\/tr>\r\n<tr>\r\n<td width=\"394\">\r\n<p>Donnerstag 13. November 2025<\/p>\r\n<\/td>\r\n<td width=\"474\">\r\n<p>Missimo Truck, 4. Klassen<\/p>\r\n<\/td>\r\n<\/tr>\r\n<tr>\r\n<td width=\"394\">\r\n<p>Montag\u00a08. Dezember 2025<\/p>\r\n<\/td>\r\n<td width=\"474\">\r\n<p>Mari\u00e4 Empf\u00e4ngnis (gesetzlicher Feiertag)<\/p>\r\n<\/td>\r\n<\/tr>\r\n<tr>\r\n<td width=\"394\">\r\n<p>Mittwoch 24. Dezember 2025\u00a0bis Dienstag 6. J\u00e4nner 2026<\/p>\r\n<\/td>\r\n<td width=\"474\">\r\n<p><strong>Weihnachtsferien<\/strong>\u00a0(schulfrei in allen Bundesl\u00e4ndern)<\/p>\r\n<\/td>\r\n<\/tr>\r\n<tr>\r\n<td width=\"394\">\r\n<p>Donnerstag 25. Dezember 2025<\/p>\r\n<\/td>\r\n<td width=\"474\">\r\n<p>Christtag (gesetzlicher Feiertag)<\/p>\r\n<\/td>\r\n<\/tr>\r\n<tr>\r\n<td width=\"394\">\r\n<p>Freitag 26. Dezember 2025<\/p>\r\n<\/td>\r\n<td width=\"474\">\r\n<p>Stephanitag (gesetzlicher Feiertag)<\/p>\r\n<\/td>\r\n<\/tr>\r\n<tr>\r\n<td width=\"394\">\r\n<p><strong>2026<\/strong><\/p>\r\n<\/td>\r\n<td width=\"474\">\r\n<p>&nbsp;<\/p>\r\n<\/td>\r\n<\/tr>\r\n<tr>\r\n<td width=\"394\">\r\n<p>Donnerstag 1. J\u00e4nner 2026\u00a0 \u00a0 \u00a0\u00a0<\/p>\r\n<\/td>\r\n<td width=\"474\">\r\n<p>Neujahr (gesetzlicher Feiertag)<\/p>\r\n<\/td>\r\n<\/tr>\r\n<tr>\r\n<td width=\"394\">\r\n<p>Dienstag 6. J\u00e4nner 2026<\/p>\r\n<\/td>\r\n<td width=\"474\">\r\n<p>Heilige Drei K\u00f6nige (gesetzlicher Feiertag)<\/p>\r\n<\/td>\r\n<\/tr>\r\n<tr>\r\n<td width=\"394\">\r\n<p>Dienstag 3.Februar 2026<\/p>\r\n<\/td>\r\n<td width=\"474\">\r\n<p>Safer Internet<\/p>\r\n<\/td>\r\n<\/tr>\r\n<tr>\r\n<td width=\"394\">\r\n<p>Mittwoch 4. Februar 2026<\/p>\r\n<\/td>\r\n<td width=\"474\">\r\n<p>Safer Internet<\/p>\r\n<\/td>\r\n<\/tr>\r\n<tr>\r\n<td width=\"394\">\r\n<p>Montag 16. Februar bis Samstag 21. Februar 2026<\/p>\r\n<\/td>\r\n<td width=\"474\">\r\n<p><strong>Semesterferien<\/strong><\/p>\r\n<\/td>\r\n<\/tr>\r\n<tr>\r\n<td width=\"394\">\r\n<p>Samstag 28.\u00a0M\u00e4rz\u00a0bis Montag 6. April 2026<\/p>\r\n<\/td>\r\n<td width=\"474\">\r\n<p><strong>Osterferien<\/strong><br \/>(schulfrei in allen Bundesl\u00e4ndern)<\/p>\r\n<\/td>\r\n<\/tr>\r\n<tr>\r\n<td width=\"394\">\r\n<p>Montag 6. April 2026<\/p>\r\n<\/td>\r\n<td width=\"474\">\r\n<p>Ostermontag (gesetzlicher Feiertag)<\/p>\r\n<\/td>\r\n<\/tr>\r\n<tr>\r\n<td width=\"394\">\r\n<p>Freitag\u00a01. Mai 2026<\/p>\r\n<\/td>\r\n<td width=\"474\">\r\n<p>Staatsfeiertag 1. Mai (gesetzlicher Feiertag)<\/p>\r\n<\/td>\r\n<\/tr>\r\n<tr>\r\n<td width=\"394\">\r\n<p>Montag\u00a04. Mai 2026<\/p>\r\n<\/td>\r\n<td width=\"474\">\r\n<p>Festtag Landespatron Ober\u00f6sterreich (Hl.\u00a0Florian)<\/p>\r\n<\/td>\r\n<\/tr>\r\n<tr>\r\n<td width=\"394\">\r\n<p>Donnerstag 14. Mai 2026<\/p>\r\n<\/td>\r\n<td width=\"474\">\r\n<p>Christi Himmelfahrt (gesetzlicher Feiertag)<\/p>\r\n<\/td>\r\n<\/tr>\r\n<tr>\r\n<td width=\"394\">\r\n<p>Samstag 23. Mai bis Montag 25. Juni 2026<\/p>\r\n<\/td>\r\n<td width=\"474\">\r\n<p><strong>Pfingsten\u00a0<\/strong>(schulfrei in allen Bundesl\u00e4ndern)<\/p>\r\n<\/td>\r\n<\/tr>\r\n<tr>\r\n<td width=\"394\">\r\n<p>Montag 25. Mai 2026<\/p>\r\n<\/td>\r\n<td width=\"474\">\r\n<p>Pfingstmontag (gesetzlicher Feiertag)<\/p>\r\n<\/td>\r\n<\/tr>\r\n<tr>\r\n<td width=\"394\">\r\n<p>Donnerstag 4. Juni\u00a02026<\/p>\r\n<\/td>\r\n<td width=\"474\">\r\n<p>Fronleichnam (gesetzlicher Feiertag)<\/p>\r\n<\/td>\r\n<\/tr>\r\n<tr>\r\n<td width=\"394\">\r\n<p>Freitag 5. Juni 2026<\/p>\r\n<\/td>\r\n<td width=\"474\">\r\n<p>Schulautonomer Tag, unterrichtsfrei<\/p>\r\n<\/td>\r\n<\/tr>\r\n<tr>\r\n<td width=\"394\">\r\n<p>Samstag 11. Juli bis Sonntag 13. September 2026<\/p>\r\n<\/td>\r\n<td width=\"474\">\r\n<p><strong>Sommerferien<\/strong><\/p>\r\n<\/td>\r\n<\/tr>\r\n<tr>\r\n<td width=\"394\">\r\n<p>Samstag 15. August 2026<\/p>\r\n<\/td>\r\n<td width=\"474\">\r\n<p>Mari\u00e4 Himmelfahrt (gesetzlicher Feiertag)<\/p>\r\n<\/td>\r\n<\/tr>\r\n<tr>\r\n<td width=\"394\">\r\n<p>Montag 14. September 2026<\/p>\r\n<\/td>\r\n<td width=\"474\">\r\n<p><strong>Schulbeginn<\/strong><\/p>\r\n<\/td>\r\n<\/tr>\r\n<\/tbody>\r\n<\/table>\r\n<p>&nbsp;<\/p>\r\n\r\n\r\n\r\n\r\n\r\n\r\n\r\n\r\n\r\n<table class=\"table\">\r\n<tbody>\r\n<tr>\r\n<td>\u00a0<\/td>\r\n<td>\u00a0<\/td>\r\n<\/tr>\r\n<tr>\r\n<td>\u00a0<\/td>\r\n<td>\u00a0<\/td>\r\n<\/tr>\r\n<tr>\r\n<td>\u00a0<\/td>\r\n<td>\u00a0<\/td>\r\n<\/tr>\r\n<tr>\r\n<td>\u00a0<\/td>\r\n<td>\u00a0<\/td>\r\n<\/tr>\r\n<tr>\r\n<td>\u00a0<\/td>\r\n<td>\u00a0<\/td>\r\n<\/tr>\r\n<tr>\r\n<td>\u00a0<\/td>\r\n<td>\u00a0<\/td>\r\n<\/tr>\r\n<tr>\r\n<td>\u00a0<\/td>\r\n<td>\u00a0<\/td>\r\n<\/tr>\r\n<tr>\r\n<td>\u00a0<\/td>\r\n<td>\u00a0<\/td>\r\n<\/tr>\r\n<tr>\r\n<td>\u00a0<\/td>\r\n<td>\u00a0<\/td>\r\n<\/tr>\r\n<tr>\r\n<td>\u00a0<\/td>\r\n<td>\u00a0<\/td>\r\n<\/tr>\r\n<tr>\r\n<td>\u00a0<\/td>\r\n<td>\u00a0<\/td>\r\n<\/tr>\r\n<tr>\r\n<td>\u00a0<\/td>\r\n<td>\u00a0<\/td>\r\n<\/tr>\r\n<tr>\r\n<td>\u00a0<\/td>\r\n<td>\u00a0<\/td>\r\n<\/tr>\r\n<tr>\r\n<td>\u00a0<\/td>\r\n<td>\u00a0<\/td>\r\n<\/tr>\r\n<tr>\r\n<td>\u00a0<\/td>\r\n<td>\u00a0<\/td>\r\n<\/tr>\r\n<tr>\r\n<td>\u00a0<\/td>\r\n<td>\u00a0<\/td>\r\n<\/tr>\r\n<tr>\r\n<td>\u00a0<\/td>\r\n<td>\u00a0<\/td>\r\n<\/tr>\r\n<tr>\r\n<td>\u00a0<\/td>\r\n<td>\u00a0<\/td>\r\n<\/tr>\r\n<tr>\r\n<td>\u00a0<\/td>\r\n<td>\u00a0<\/td>\r\n<\/tr>\r\n<tr>\r\n<td>\u00a0<\/td>\r\n<td>\u00a0<\/td>\r\n<\/tr>\r\n<tr>\r\n<td>\u00a0<\/td>\r\n<td>\u00a0<\/td>\r\n<\/tr>\r\n<tr>\r\n<td>\u00a0<\/td>\r\n<td>\r\n<p>&nbsp;<\/p>\r\n<\/td>\r\n<\/tr>\r\n<tr>\r\n<td>\u00a0<\/td>\r\n<td>\u00a0<\/td>\r\n<\/tr>\r\n<tr>\r\n<td>\r\n<p>&nbsp;<\/p>\r\n<\/td>\r\n<td>\r\n<p>&nbsp;<\/p>\r\n<\/td>\r\n<\/tr>\r\n<tr>\r\n<td>\u00a0<\/td>\r\n<td>\u00a0<\/td>\r\n<\/tr>\r\n<tr>\r\n<td>\u00a0<\/td>\r\n<td>\u00a0<\/td>\r\n<\/tr>\r\n<\/tbody>\r\n<\/table>\r\n<p>&nbsp;<\/p>\r\n","protected":false},"excerpt":{"rendered":"<p>Alle aktuellen Termine k\u00f6nnen hier gefunden werden. Der Schulkalender kann auch direkt als Kalenderabo am Smartphone hinzugef\u00fcgt werden. F\u00fcr die &hellip; <\/p>\n","protected":false},"author":1,"featured_media":0,"parent":0,"menu_order":0,"comment_status":"closed","ping_status":"closed","template":"","meta":{"footnotes":""},"class_list":["post-1266","page","type-page","status-publish","hentry"],"_links":{"self":[{"href":"https:\/\/vs-lohnsburg.at\/index.php?rest_route=\/wp\/v2\/pages\/1266","targetHints":{"allow":["GET"]}}],"collection":[{"href":"https:\/\/vs-lohnsburg.at\/index.php?rest_route=\/wp\/v2\/pages"}],"about":[{"href":"https:\/\/vs-lohnsburg.at\/index.php?rest_route=\/wp\/v2\/types\/page"}],"author":[{"embeddable":true,"href":"https:\/\/vs-lohnsburg.at\/index.php?rest_route=\/wp\/v2\/users\/1"}],"replies":[{"embeddable":true,"href":"https:\/\/vs-lohnsburg.at\/index.php?rest_route=%2Fwp%2Fv2%2Fcomments&post=1266"}],"version-history":[{"count":19,"href":"https:\/\/vs-lohnsburg.at\/index.php?rest_route=\/wp\/v2\/pages\/1266\/revisions"}],"predecessor-version":[{"id":4971,"href":"https:\/\/vs-lohnsburg.at\/index.php?rest_route=\/wp\/v2\/pages\/1266\/revisions\/4971"}],"wp:attachment":[{"href":"https:\/\/vs-lohnsburg.at\/index.php?rest_route=%2Fwp%2Fv2%2Fmedia&parent=1266"}],"curies":[{"name":"wp","href":"https:\/\/api.w.org\/{rel}","templated":true}]}}

<p>Alle aktuellen Termine können hier gefunden werden. Der Schulkalender kann auch direkt als Kalenderabo am Smartphone hinzugefügt werden. Für die Anleitung, bitte <a href="https://vs-lohnsburg.at/?page_id=1375" data-type="page" data-id="1375">HIER</a> klicken.</p>
<table width="874">
<tbody>
<tr>
<td width="394">
<p><strong>2025</strong></p>
</td>
<td width="474">
<p>&nbsp;</p>
</td>
</tr>
<tr>
<td width="394">
<p>Samstag 5. Juli bis Sonntag 7. September 2025</p>
</td>
<td width="474">
<p><strong>Sommerferien</strong></p>
</td>
</tr>
<tr>
<td width="394">
<p>Montag 8. September 2025</p>
</td>
<td width="474">
<p><strong>Schulbeginn</strong></p>
</td>
</tr>
<tr>
<td width="394">
<p>Dienstag 7.Oktober 2025</p>
</td>
<td width="474">
<p><strong>Waldworkshop, 1a,1b</strong></p>
</td>
</tr>
<tr>
<td width="394">
<p>Donnerstag 9.Oktober 2025</p>
</td>
<td width="474">
<p><strong>Fototermin</strong></p>
</td>
</tr>
<tr>
<td width="394">
<p>Dienstag 14. Oktober 2025</p>
</td>
<td width="474">
<p><strong>Klimaworkshop, 2a, 2b</strong></p>
</td>
</tr>
<tr>
<td width="394">
<p>Sonntag 26. Oktober 2025</p>
</td>
<td width="474">
<p>Österreichischer Nationalfeiertag (gesetzlicher Feiertag)</p>
</td>
</tr>
<tr>
<td width="394">
<p>Montag 27. Oktober bis Freitag 31. Oktober 2025</p>
</td>
<td width="474">
<p><strong>Herbstferien</strong></p>
</td>
</tr>
<tr>
<td width="394">
<p>Samstag 1. November 2025</p>
</td>
<td width="474">
<p>Allerheiligen (gesetzlicher Feiertag)</p>
</td>
</tr>
<tr>
<td width="394">
<p>Sonntag 2. November 2025</p>
</td>
<td width="474">
<p>Allerseelen (schulfrei in allen Bundesländern)</p>
</td>
</tr>
<tr>
<td width="394">
<p>Dienstag 11. November 2025</p>
</td>
<td width="474">
<p>Anreise Missimo Truck</p>
</td>
</tr>
<tr>
<td width="394">
<p>Mittwoch 12. November 2025</p>
</td>
<td width="474">
<p>Workshop Missimo, 3a,3b – Nachmittag: Großeltern</p>
<p>Workshop 3a, Young Science</p>
</td>
</tr>
<tr>
<td width="394">
<p>Donnerstag 13. November 2025</p>
</td>
<td width="474">
<p>Missimo Truck, 4. Klassen</p>
</td>
</tr>
<tr>
<td width="394">
<p>Montag 8. Dezember 2025</p>
</td>
<td width="474">
<p>Mariä Empfängnis (gesetzlicher Feiertag)</p>
</td>
</tr>
<tr>
<td width="394">
<p>Mittwoch 24. Dezember 2025 bis Dienstag 6. Jänner 2026</p>
</td>
<td width="474">
<p><strong>Weihnachtsferien</strong> (schulfrei in allen Bundesländern)</p>
</td>
</tr>
<tr>
<td width="394">
<p>Donnerstag 25. Dezember 2025</p>
</td>
<td width="474">
<p>Christtag (gesetzlicher Feiertag)</p>
</td>
</tr>
<tr>
<td width="394">
<p>Freitag 26. Dezember 2025</p>
</td>
<td width="474">
<p>Stephanitag (gesetzlicher Feiertag)</p>
</td>
</tr>
<tr>
<td width="394">
<p><strong>2026</strong></p>
</td>
<td width="474">
<p>&nbsp;</p>
</td>
</tr>
<tr>
<td width="394">
<p>Donnerstag 1. Jänner 2026      </p>
</td>
<td width="474">
<p>Neujahr (gesetzlicher Feiertag)</p>
</td>
</tr>
<tr>
<td width="394">
<p>Dienstag 6. Jänner 2026</p>
</td>
<td width="474">
<p>Heilige Drei Könige (gesetzlicher Feiertag)</p>
</td>
</tr>
<tr>
<td width="394">
<p>Dienstag 3.Februar 2026</p>
</td>
<td width="474">
<p>Safer Internet</p>
</td>
</tr>
<tr>
<td width="394">
<p>Mittwoch 4. Februar 2026</p>
</td>
<td width="474">
<p>Safer Internet</p>
</td>
</tr>
<tr>
<td width="394">
<p>Montag 16. Februar bis Samstag 21. Februar 2026</p>
</td>
<td width="474">
<p><strong>Semesterferien</strong></p>
</td>
</tr>
<tr>
<td width="394">
<p>Samstag 28. März bis Montag 6. April 2026</p>
</td>
<td width="474">
<p><strong>Osterferien</strong><br />(schulfrei in allen Bundesländern)</p>
</td>
</tr>
<tr>
<td width="394">
<p>Montag 6. April 2026</p>
</td>
<td width="474">
<p>Ostermontag (gesetzlicher Feiertag)</p>
</td>
</tr>
<tr>
<td width="394">
<p>Freitag 1. Mai 2026</p>
</td>
<td width="474">
<p>Staatsfeiertag 1. Mai (gesetzlicher Feiertag)</p>
</td>
</tr>
<tr>
<td width="394">
<p>Montag 4. Mai 2026</p>
</td>
<td width="474">
<p>Festtag Landespatron Oberösterreich (Hl. Florian)</p>
</td>
</tr>
<tr>
<td width="394">
<p>Donnerstag 14. Mai 2026</p>
</td>
<td width="474">
<p>Christi Himmelfahrt (gesetzlicher Feiertag)</p>
</td>
</tr>
<tr>
<td width="394">
<p>Samstag 23. Mai bis Montag 25. Juni 2026</p>
</td>
<td width="474">
<p><strong>Pfingsten </strong>(schulfrei in allen Bundesländern)</p>
</td>
</tr>
<tr>
<td width="394">
<p>Montag 25. Mai 2026</p>
</td>
<td width="474">
<p>Pfingstmontag (gesetzlicher Feiertag)</p>
</td>
</tr>
<tr>
<td width="394">
<p>Donnerstag 4. Juni 2026</p>
</td>
<td width="474">
<p>Fronleichnam (gesetzlicher Feiertag)</p>
</td>
</tr>
<tr>
<td width="394">
<p>Freitag 5. Juni 2026</p>
</td>
<td width="474">
<p>Schulautonomer Tag, unterrichtsfrei</p>
</td>
</tr>
<tr>
<td width="394">
<p>Samstag 11. Juli bis Sonntag 13. September 2026</p>
</td>
<td width="474">
<p><strong>Sommerferien</strong></p>
</td>
</tr>
<tr>
<td width="394">
<p>Samstag 15. August 2026</p>
</td>
<td width="474">
<p>Mariä Himmelfahrt (gesetzlicher Feiertag)</p>
</td>
</tr>
<tr>
<td width="394">
<p>Montag 14. September 2026</p>
</td>
<td width="474">
<p><strong>Schulbeginn</strong></p>
</td>
</tr>
</tbody>
</table>
<p>&nbsp;</p>









<table class="table">
<tbody>
<tr>
<td> </td>
<td> </td>
</tr>
<tr>
<td> </td>
<td> </td>
</tr>
<tr>
<td> </td>
<td> </td>
</tr>
<tr>
<td> </td>
<td> </td>
</tr>
<tr>
<td> </td>
<td> </td>
</tr>
<tr>
<td> </td>
<td> </td>
</tr>
<tr>
<td> </td>
<td> </td>
</tr>
<tr>
<td> </td>
<td> </td>
</tr>
<tr>
<td> </td>
<td> </td>
</tr>
<tr>
<td> </td>
<td> </td>
</tr>
<tr>
<td> </td>
<td> </td>
</tr>
<tr>
<td> </td>
<td> </td>
</tr>
<tr>
<td> </td>
<td> </td>
</tr>
<tr>
<td> </td>
<td> </td>
</tr>
<tr>
<td> </td>
<td> </td>
</tr>
<tr>
<td> </td>
<td> </td>
</tr>
<tr>
<td> </td>
<td> </td>
</tr>
<tr>
<td> </td>
<td> </td>
</tr>
<tr>
<td> </td>
<td> </td>
</tr>
<tr>
<td> </td>
<td> </td>
</tr>
<tr>
<td> </td>
<td> </td>
</tr>
<tr>
<td> </td>
<td>
<p>&nbsp;</p>
</td>
</tr>
<tr>
<td> </td>
<td> </td>
</tr>
<tr>
<td>
<p>&nbsp;</p>
</td>
<td>
<p>&nbsp;</p>
</td>
</tr>
<tr>
<td> </td>
<td> </td>
</tr>
<tr>
<td> </td>
<td> </td>
</tr>
</tbody>
</table>
<p>&nbsp;</p>

<p>Alle aktuellen Termine können hier gefunden werden. Der Schulkalender kann auch direkt als Kalenderabo am Smartphone hinzugefügt werden. Für die &hellip; </p>
