{"id":1059,"date":"2023-04-03T09:38:13","date_gmt":"2023-04-03T09:38:13","guid":{"rendered":"https:\/\/vs-lohnsburg.at\/?page_id=1059"},"modified":"2023-04-16T00:52:52","modified_gmt":"2023-04-15T22:52:52","slug":"impressum","status":"publish","type":"page","link":"https:\/\/vs-lohnsburg.at\/?page_id=1059","title":{"rendered":"Impressum"},"content":{"rendered":"\r\n<p><strong>Volksschule Lohnsburg am Kobernau\u00dferwald<\/strong><br \/>Unterdorf 88 <br \/>AT, 4923 Lohnsburg am Kobernau\u00dferwald <\/p>\r\n\r\n\r\n\r\n<p>Tel.: 07754 \/ 2120 &#8211; 0<br \/>Fax: 07754 \/ 2120 &#8211; 40<br \/>e-Mail :\u00a0\u00a0\u00a0<a href=\"mailto:s412161@schule-ooe.at\">s412161@schule-ooe.at<\/a><br \/>Internet :\u00a0<a href=\"http:\/\/www.htl-grieskirchen.at\/\">https:\/\/www.vs-lohnsburg.at\/<\/a><\/p>\r\n\r\n\r\n\r\n<p>Schulkennzahl: 412161<\/p>\r\n\r\n\r\n\r\n<p>Leitung: Irmgard Math\u00e9\u00a0<\/p>\r\n\r\n\r\n\r\n<p><br \/>Layout und Gestaltung der Webpages sind urheberechtlich gesch\u00fctzt. Gleiches gilt f\u00fcr die inhaltlichen Beitr\u00e4ge. Weiterverwendung und Vervielf\u00e4ltigung sind nur zu privaten Zwecken gestattet, Ver\u00e4nderungen daran d\u00fcrfen nicht vorgenommen werden.<\/p>\r\n\r\n\r\n\r\n<p>Haftungshinweis: Trotz sorgf\u00e4ltiger inhaltlicher Kontrolle \u00fcbernehmen wir keine Haftung f\u00fcr die Inhalte externer Links. F\u00fcr den Inhalt der verlinkten Seiten sind ausschlie\u00dflich deren Betreiber verantwortlich.<\/p>\r\n\r\n\r\n\r\n<p>Die Seiten werden mit dem Content Management System WordPress erstellt.<\/p>\r\n","protected":false},"excerpt":{"rendered":"<p>Volksschule Lohnsburg am Kobernau\u00dferwaldUnterdorf 88 AT, 4923 Lohnsburg am Kobernau\u00dferwald Tel.: 07754 \/ 2120 &#8211; 0Fax: 07754 \/ 2120 &#8211; &hellip; <\/p>\n","protected":false},"author":1,"featured_media":0,"parent":0,"menu_order":0,"comment_status":"closed","ping_status":"closed","template":"","meta":{"footnotes":""},"class_list":["post-1059","page","type-page","status-publish","hentry"],"_links":{"self":[{"href":"https:\/\/vs-lohnsburg.at\/index.php?rest_route=\/wp\/v2\/pages\/1059","targetHints":{"allow":["GET"]}}],"collection":[{"href":"https:\/\/vs-lohnsburg.at\/index.php?rest_route=\/wp\/v2\/pages"}],"about":[{"href":"https:\/\/vs-lohnsburg.at\/index.php?rest_route=\/wp\/v2\/types\/page"}],"author":[{"embeddable":true,"href":"https:\/\/vs-lohnsburg.at\/index.php?rest_route=\/wp\/v2\/users\/1"}],"replies":[{"embeddable":true,"href":"https:\/\/vs-lohnsburg.at\/index.php?rest_route=%2Fwp%2Fv2%2Fcomments&post=1059"}],"version-history":[{"count":7,"href":"https:\/\/vs-lohnsburg.at\/index.php?rest_route=\/wp\/v2\/pages\/1059\/revisions"}],"predecessor-version":[{"id":1284,"href":"https:\/\/vs-lohnsburg.at\/index.php?rest_route=\/wp\/v2\/pages\/1059\/revisions\/1284"}],"wp:attachment":[{"href":"https:\/\/vs-lohnsburg.at\/index.php?rest_route=%2Fwp%2Fv2%2Fmedia&parent=1059"}],"curies":[{"name":"wp","href":"https:\/\/api.w.org\/{rel}","templated":true}]}}