{"id":1002,"date":"2023-04-02T14:02:04","date_gmt":"2023-04-02T14:02:04","guid":{"rendered":"https:\/\/vs-lohnsburg.at\/?page_id=1002"},"modified":"2026-03-24T12:13:21","modified_gmt":"2026-03-24T11:13:21","slug":"home","status":"publish","type":"page","link":"https:\/\/vs-lohnsburg.at\/","title":{"rendered":"Home"},"content":{"rendered":"\r\n<figure class=\"wp-block-image size-large is-resized\"><\/figure>\r\n<p style=\"text-align: center;\">\u00a0<\/p>\r\n<p><img loading=\"lazy\" decoding=\"async\" class=\"alignnone  wp-image-3095\" src=\"https:\/\/vs-lohnsburg.at\/wp-content\/uploads\/2024\/06\/20240613_094938-300x225.jpg\" alt=\"\" width=\"1323\" height=\"992\" srcset=\"https:\/\/vs-lohnsburg.at\/wp-content\/uploads\/2024\/06\/20240613_094938-300x225.jpg 300w, https:\/\/vs-lohnsburg.at\/wp-content\/uploads\/2024\/06\/20240613_094938-1024x768.jpg 1024w, https:\/\/vs-lohnsburg.at\/wp-content\/uploads\/2024\/06\/20240613_094938-768x576.jpg 768w, https:\/\/vs-lohnsburg.at\/wp-content\/uploads\/2024\/06\/20240613_094938-1536x1152.jpg 1536w, https:\/\/vs-lohnsburg.at\/wp-content\/uploads\/2024\/06\/20240613_094938-2048x1536.jpg 2048w\" sizes=\"auto, (max-width: 1323px) 100vw, 1323px\" \/><\/p>\r\n\r\n\r\n\r\n<h2 style=\"text-align: center;\"><span style=\"color: #008000;\">\u00d6KOLOGSCHULE<\/span><\/h2>\r\n<p><img loading=\"lazy\" decoding=\"async\" class=\"alignnone  wp-image-3196\" src=\"https:\/\/vs-lohnsburg.at\/wp-content\/uploads\/2024\/06\/20240625_101821-225x300.jpg\" alt=\"\" width=\"350\" height=\"467\" srcset=\"https:\/\/vs-lohnsburg.at\/wp-content\/uploads\/2024\/06\/20240625_101821-225x300.jpg 225w, https:\/\/vs-lohnsburg.at\/wp-content\/uploads\/2024\/06\/20240625_101821-768x1024.jpg 768w, https:\/\/vs-lohnsburg.at\/wp-content\/uploads\/2024\/06\/20240625_101821-1152x1536.jpg 1152w, https:\/\/vs-lohnsburg.at\/wp-content\/uploads\/2024\/06\/20240625_101821-1536x2048.jpg 1536w, https:\/\/vs-lohnsburg.at\/wp-content\/uploads\/2024\/06\/20240625_101821-scaled.jpg 1920w\" sizes=\"auto, (max-width: 350px) 100vw, 350px\" \/>\u00a0 \u00a0 \u00a0 \u00a0 \u00a0 \u00a0 \u00a0 \u00a0 \u00a0 \u00a0 \u00a0 \u00a0 \u00a0 \u00a0 \u00a0 \u00a0 \u00a0 \u00a0 \u00a0 \u00a0 \u00a0 \u00a0 <img loading=\"lazy\" decoding=\"async\" class=\"alignnone  wp-image-4395\" src=\"https:\/\/vs-lohnsburg.at\/wp-content\/uploads\/2025\/06\/20250321_104700-135x300.jpg\" alt=\"\" width=\"210\" height=\"467\" srcset=\"https:\/\/vs-lohnsburg.at\/wp-content\/uploads\/2025\/06\/20250321_104700-135x300.jpg 135w, https:\/\/vs-lohnsburg.at\/wp-content\/uploads\/2025\/06\/20250321_104700-768x1704.jpg 768w, https:\/\/vs-lohnsburg.at\/wp-content\/uploads\/2025\/06\/20250321_104700-692x1536.jpg 692w, https:\/\/vs-lohnsburg.at\/wp-content\/uploads\/2025\/06\/20250321_104700-923x2048.jpg 923w, https:\/\/vs-lohnsburg.at\/wp-content\/uploads\/2025\/06\/20250321_104700-scaled.jpg 1154w\" sizes=\"auto, (max-width: 210px) 100vw, 210px\" \/>\u00a0 \u00a0 \u00a0 \u00a0 \u00a0 \u00a0 \u00a0 \u00a0 \u00a0 \u00a0 \u00a0 \u00a0 \u00a0 \u00a0 \u00a0 \u00a0 \u00a0 <img loading=\"lazy\" decoding=\"async\" class=\"alignnone  wp-image-4631\" src=\"https:\/\/vs-lohnsburg.at\/wp-content\/uploads\/2025\/11\/IMG_2747-225x300.jpeg\" alt=\"\" width=\"300\" height=\"400\" srcset=\"https:\/\/vs-lohnsburg.at\/wp-content\/uploads\/2025\/11\/IMG_2747-225x300.jpeg 225w, https:\/\/vs-lohnsburg.at\/wp-content\/uploads\/2025\/11\/IMG_2747-768x1024.jpeg 768w, https:\/\/vs-lohnsburg.at\/wp-content\/uploads\/2025\/11\/IMG_2747-1152x1536.jpeg 1152w, https:\/\/vs-lohnsburg.at\/wp-content\/uploads\/2025\/11\/IMG_2747-1536x2048.jpeg 1536w, https:\/\/vs-lohnsburg.at\/wp-content\/uploads\/2025\/11\/IMG_2747-scaled.jpeg 1920w\" sizes=\"auto, (max-width: 300px) 100vw, 300px\" \/><\/p>\r\n<p>&nbsp;<\/p>\r\n<h2><span style=\"color: #ff0000;\">Projekt &#8222;Schulische Gesundheitsf\u00f6rderung in der Volksschule&#8220;<\/span><\/h2>\r\n<h2><img loading=\"lazy\" decoding=\"async\" class=\"alignnone size-medium wp-image-4859\" src=\"https:\/\/vs-lohnsburg.at\/wp-content\/uploads\/2025\/12\/wir-sind-Klasse_Button-300x300.png\" alt=\"\" width=\"300\" height=\"300\" srcset=\"https:\/\/vs-lohnsburg.at\/wp-content\/uploads\/2025\/12\/wir-sind-Klasse_Button-300x300.png 300w, https:\/\/vs-lohnsburg.at\/wp-content\/uploads\/2025\/12\/wir-sind-Klasse_Button-1024x1024.png 1024w, https:\/\/vs-lohnsburg.at\/wp-content\/uploads\/2025\/12\/wir-sind-Klasse_Button-150x150.png 150w, https:\/\/vs-lohnsburg.at\/wp-content\/uploads\/2025\/12\/wir-sind-Klasse_Button-768x768.png 768w, https:\/\/vs-lohnsburg.at\/wp-content\/uploads\/2025\/12\/wir-sind-Klasse_Button-1536x1536.png 1536w, https:\/\/vs-lohnsburg.at\/wp-content\/uploads\/2025\/12\/wir-sind-Klasse_Button-2048x2048.png 2048w, https:\/\/vs-lohnsburg.at\/wp-content\/uploads\/2025\/12\/wir-sind-Klasse_Button-70x70.png 70w, https:\/\/vs-lohnsburg.at\/wp-content\/uploads\/2025\/12\/wir-sind-Klasse_Button-246x246.png 246w, https:\/\/vs-lohnsburg.at\/wp-content\/uploads\/2025\/12\/wir-sind-Klasse_Button-276x276.png 276w, https:\/\/vs-lohnsburg.at\/wp-content\/uploads\/2025\/12\/wir-sind-Klasse_Button-125x125.png 125w\" sizes=\"auto, (max-width: 300px) 100vw, 300px\" \/><img loading=\"lazy\" decoding=\"async\" class=\"alignnone size-medium wp-image-4887\" src=\"https:\/\/vs-lohnsburg.at\/wp-content\/uploads\/2025\/12\/Banner_OOE-Wappen_Schriftzug-zentriert_OOe-Logo-300x158.jpg\" alt=\"\" width=\"300\" height=\"158\" srcset=\"https:\/\/vs-lohnsburg.at\/wp-content\/uploads\/2025\/12\/Banner_OOE-Wappen_Schriftzug-zentriert_OOe-Logo-300x158.jpg 300w, https:\/\/vs-lohnsburg.at\/wp-content\/uploads\/2025\/12\/Banner_OOE-Wappen_Schriftzug-zentriert_OOe-Logo-768x404.jpg 768w, https:\/\/vs-lohnsburg.at\/wp-content\/uploads\/2025\/12\/Banner_OOE-Wappen_Schriftzug-zentriert_OOe-Logo.jpg 845w\" sizes=\"auto, (max-width: 300px) 100vw, 300px\" \/><img loading=\"lazy\" decoding=\"async\" class=\"alignnone size-medium wp-image-4864\" src=\"https:\/\/vs-lohnsburg.at\/wp-content\/uploads\/2025\/12\/BD_OOE_Logo_orig-300x72.png\" alt=\"\" width=\"300\" height=\"72\" srcset=\"https:\/\/vs-lohnsburg.at\/wp-content\/uploads\/2025\/12\/BD_OOE_Logo_orig-300x72.png 300w, https:\/\/vs-lohnsburg.at\/wp-content\/uploads\/2025\/12\/BD_OOE_Logo_orig-1024x244.png 1024w, https:\/\/vs-lohnsburg.at\/wp-content\/uploads\/2025\/12\/BD_OOE_Logo_orig-768x183.png 768w, https:\/\/vs-lohnsburg.at\/wp-content\/uploads\/2025\/12\/BD_OOE_Logo_orig.png 1416w\" sizes=\"auto, (max-width: 300px) 100vw, 300px\" \/><\/h2>\r\n<p>&nbsp;<\/p>\r\n<p>&nbsp;<\/p>\r\n<p><span style=\"color: #008000;\">Infos zu Schulbus unter:<\/span><\/p>\r\n<p><strong><span style=\"color: #008000;\">Mitterlindner.co.at<\/span><\/strong><\/p>\r\n<p><a href=\"https:\/\/vs-lohnsburg.at\/wp-content\/uploads\/2026\/02\/20260227081022.pdf\">Sommerschule2026_Infobrief<\/a><\/p>\r\n<p><a href=\"https:\/\/vs-lohnsburg.at\/wp-content\/uploads\/2026\/03\/Anmeldung-Sommerschule-2026.pdf\">Anmeldung Sommerschule 2026<\/a><\/p>\r\n<h4><span style=\"color: #ff0000;\">Ferienbetreuung vom 13.Juli bis 07.August 2026<\/span><\/h4>\r\n<p><a href=\"https:\/\/vs-lohnsburg.at\/wp-content\/uploads\/2026\/02\/Anmeldeformular-Ferienbetreuung2026.pdf\">Anmeldeformular Ferienbetreuung2026<\/a><\/p>\r\n<p>&nbsp;<\/p>\r\n\r\n\r\n\r\n<h2 class=\"wp-block-heading\">Aktuelle Beitr\u00e4ge<\/h2>\r\n<h5><a href=\"https:\/\/vs-lohnsburg.at\/wp-content\/uploads\/2026\/03\/Bericht-1.docx\">Bericht<\/a><\/h5>\r\n<h2><img loading=\"lazy\" decoding=\"async\" class=\"wp-image-4965 aligncenter\" src=\"https:\/\/vs-lohnsburg.at\/wp-content\/uploads\/2026\/03\/20260312_165609-300x225.jpg\" alt=\"\" width=\"599\" height=\"449\" srcset=\"https:\/\/vs-lohnsburg.at\/wp-content\/uploads\/2026\/03\/20260312_165609-300x225.jpg 300w, https:\/\/vs-lohnsburg.at\/wp-content\/uploads\/2026\/03\/20260312_165609-1024x768.jpg 1024w, https:\/\/vs-lohnsburg.at\/wp-content\/uploads\/2026\/03\/20260312_165609-768x576.jpg 768w, https:\/\/vs-lohnsburg.at\/wp-content\/uploads\/2026\/03\/20260312_165609-1536x1152.jpg 1536w, https:\/\/vs-lohnsburg.at\/wp-content\/uploads\/2026\/03\/20260312_165609-2048x1536.jpg 2048w\" sizes=\"auto, (max-width: 599px) 100vw, 599px\" \/><\/h2>\r\n\r\n\r\n<ul class=\"wp-block-latest-posts__list is-grid columns-3 has-dates wp-block-latest-posts\"><li><a class=\"wp-block-latest-posts__post-title\" href=\"https:\/\/vs-lohnsburg.at\/?p=5039\">Br\u00fcche zum Anbei\u00dfen<\/a><time datetime=\"2026-04-22T06:41:10+02:00\" class=\"wp-block-latest-posts__post-date\">22. April 2026<\/time><\/li>\n<li><a class=\"wp-block-latest-posts__post-title\" href=\"https:\/\/vs-lohnsburg.at\/?p=5033\">&#8222;Hallo Auto&#8220; zu Gast in der VS Lohnsburg<\/a><time datetime=\"2026-04-20T08:09:00+02:00\" class=\"wp-block-latest-posts__post-date\">20. April 2026<\/time><\/li>\n<li><a class=\"wp-block-latest-posts__post-title\" href=\"https:\/\/vs-lohnsburg.at\/?p=5020\">Jedes Kind im Blick: Individuelle F\u00f6rderung als Bildungsauftrag<\/a><time datetime=\"2026-04-15T08:22:21+02:00\" class=\"wp-block-latest-posts__post-date\">15. April 2026<\/time><\/li>\n<\/ul>\r\n\r\n\r\n<h2 class=\"wp-block-heading\">Unser Leitbild<\/h2>\r\n\r\n\r\n\r\n<div class=\"wp-block-media-text alignwide is-stacked-on-mobile is-vertically-aligned-center has-background\" style=\"background-color: #f7f7f7; grid-template-columns: 20% auto;\">\r\n<figure class=\"wp-block-media-text__media\"><img loading=\"lazy\" decoding=\"async\" class=\"wp-image-1431 \" src=\"https:\/\/vs-lohnsburg.at\/wp-content\/uploads\/2023\/05\/chameleon-gelb-737x1024.png\" alt=\"\" width=\"608\" height=\"845\" srcset=\"https:\/\/vs-lohnsburg.at\/wp-content\/uploads\/2023\/05\/chameleon-gelb-737x1024.png 737w, https:\/\/vs-lohnsburg.at\/wp-content\/uploads\/2023\/05\/chameleon-gelb-216x300.png 216w, https:\/\/vs-lohnsburg.at\/wp-content\/uploads\/2023\/05\/chameleon-gelb-768x1067.png 768w, https:\/\/vs-lohnsburg.at\/wp-content\/uploads\/2023\/05\/chameleon-gelb-1106x1536.png 1106w, https:\/\/vs-lohnsburg.at\/wp-content\/uploads\/2023\/05\/chameleon-gelb-1475x2048.png 1475w, https:\/\/vs-lohnsburg.at\/wp-content\/uploads\/2023\/05\/chameleon-gelb.png 1667w\" sizes=\"auto, (max-width: 608px) 100vw, 608px\" \/><img loading=\"lazy\" decoding=\"async\" class=\"alignnone  wp-image-4391\" src=\"https:\/\/vs-lohnsburg.at\/wp-content\/uploads\/2025\/06\/Chameleon2-300x225.jpg\" alt=\"\" width=\"634\" height=\"476\" srcset=\"https:\/\/vs-lohnsburg.at\/wp-content\/uploads\/2025\/06\/Chameleon2-300x225.jpg 300w, https:\/\/vs-lohnsburg.at\/wp-content\/uploads\/2025\/06\/Chameleon2-1024x768.jpg 1024w, https:\/\/vs-lohnsburg.at\/wp-content\/uploads\/2025\/06\/Chameleon2-768x576.jpg 768w, https:\/\/vs-lohnsburg.at\/wp-content\/uploads\/2025\/06\/Chameleon2-1536x1152.jpg 1536w, https:\/\/vs-lohnsburg.at\/wp-content\/uploads\/2025\/06\/Chameleon2-2048x1536.jpg 2048w\" sizes=\"auto, (max-width: 634px) 100vw, 634px\" \/><\/figure>\r\n<div class=\"wp-block-media-text__content\">\r\n<div class=\"wp-block-group\" style=\"padding: 2em;\"><div class=\"wp-block-group__inner-container is-layout-flow wp-block-group-is-layout-flow\">\r\n<p data-start=\"126\" data-end=\"386\">Wie unser Schullogo, das Cham\u00e4leon, wollen wir wandelbar, flexibel, offen f\u00fcr Neues und eine bunte, vielf\u00e4ltige Gemeinschaft sein. Herzlichkeit und Toleranz sind wichtige Eckpfeiler unserer Schule. Wir freuen uns \u00fcber ein entspanntes und angenehmes Schulklima.<\/p>\r\n<p data-start=\"388\" data-end=\"825\">Wir m\u00f6chten die Kinder dort abholen, wo sie in ihrer Entwicklung stehen. Daher haben der differenzierte Unterricht und die Planarbeit eine gro\u00dfe Bedeutung an unserer Schule. Wachsamkeit sowie ein achtsamer Blick auf die St\u00e4rken und Schw\u00e4chen der Sch\u00fclerInnen, um sie gezielt f\u00f6rdern zu k\u00f6nnen, liegen uns besonders am Herzen. Im Team tauschen wir uns regelm\u00e4\u00dfig aus, um einen weiten Blick zu bewahren und uns gegenseitig zu unterst\u00fctzen.<\/p>\r\n<p data-start=\"827\" data-end=\"1017\">Als Bewegte Schule beginnt unser Schulalltag mit einer Bewegungseinheit von 6:45 bis 7:30 Uhr im Erdgeschoss der Schule. Freude am Lernen wird durch viele offene Unterrichtsphasen gef\u00f6rdert.<\/p>\r\n<p data-start=\"1019\" data-end=\"1140\">Digitale Bildung bekommt an unserer Schule Raum und ist ein Schwerpunkt unseres Schulqualit\u00e4tsprogrammes (Expert-Schule).<\/p>\r\n<p data-start=\"1142\" data-end=\"1562\">Ein weiterer Schwerpunkt ist der achtsame Umgang miteinander und mit unserer Umwelt. Als Oekolog-Schule konnten wir einen Bildungsf\u00f6rderungsfonds erhalten und erfolgreich das Projekt <em data-start=\"1324\" data-end=\"1368\">\u201eEin gutes Zuhause f\u00fcr heimische Insekten\u201c<\/em> umsetzen. Zudem wurde in Zusammenarbeit mit der KEM ein gro\u00dfes Klimaprojekt durchgef\u00fchrt, bei dem die Sch\u00fclerInnen aktiv f\u00fcr Themen rund um Klimaschutz und Nachhaltigkeit sensibilisiert wurden.<\/p>\r\n<p data-start=\"1564\" data-end=\"1767\">Mit der Vermittlung von Basiswissen sowie durch praxisnahe Projekte und Workshops mit WissenschaflerInnen des OeAD \u2013 m\u00f6chten wir nachhaltiges Denken und Handeln f\u00f6rdern.<\/p>\r\n<p data-start=\"1769\" data-end=\"1887\">Eine kooperative und von gegenseitiger Wertsch\u00e4tzung gepr\u00e4gte Zusammenarbeit mit den Eltern ist uns besonders wichtig.<\/p>\r\n<\/div><\/div>\r\n<\/div>\r\n<\/div>\r\n\r\n\r\n\r\n<h2 class=\"wp-block-heading\">Unsere Auszeichnungen<\/h2>\r\n<div id=\"metaslider-id-1027\" style=\"max-width: 700px; margin: 0 auto;\" class=\"ml-slider-3-99-0 metaslider metaslider-nivo metaslider-1027 ml-slider ms-theme-nivo-light has-dots-nav\" role=\"region\" aria-label=\"Auszeichnungen\" data-width=\"700\">\n    <div id=\"metaslider_container_1027\">\n        <div class='slider-wrapper theme-default'><div class='ribbon'><\/div><div id='metaslider_1027' class='nivoSlider'><img loading=\"lazy\" decoding=\"async\" width=\"1861\" height=\"988\" src=\"https:\/\/vs-lohnsburg.at\/wp-content\/uploads\/2021\/04\/logo_bewegte_schule.png\" class=\"slider-1027 slide-1029 msDefaultImage\" alt=\"\" data-caption=\"\" data-thumb=\"\" title=\"logo_bewegte_schule\" rel=\"\" srcset=\"https:\/\/vs-lohnsburg.at\/wp-content\/uploads\/2021\/04\/logo_bewegte_schule.png 1861w, https:\/\/vs-lohnsburg.at\/wp-content\/uploads\/2021\/04\/logo_bewegte_schule-300x159.png 300w, https:\/\/vs-lohnsburg.at\/wp-content\/uploads\/2021\/04\/logo_bewegte_schule-1024x544.png 1024w, https:\/\/vs-lohnsburg.at\/wp-content\/uploads\/2021\/04\/logo_bewegte_schule-768x408.png 768w, https:\/\/vs-lohnsburg.at\/wp-content\/uploads\/2021\/04\/logo_bewegte_schule-1536x815.png 1536w\" sizes=\"auto, (max-width: 1861px) 100vw, 1861px\" \/><img loading=\"lazy\" decoding=\"async\" width=\"501\" height=\"139\" src=\"https:\/\/vs-lohnsburg.at\/wp-content\/uploads\/2023\/04\/oekolog_text.840c9c546049.png\" class=\"slider-1027 slide-1031 msDefaultImage\" alt=\"\" data-caption=\"\" data-thumb=\"\" title=\"oekolog_text.840c9c546049\" rel=\"\" srcset=\"https:\/\/vs-lohnsburg.at\/wp-content\/uploads\/2023\/04\/oekolog_text.840c9c546049.png 501w, https:\/\/vs-lohnsburg.at\/wp-content\/uploads\/2023\/04\/oekolog_text.840c9c546049-300x83.png 300w\" sizes=\"auto, (max-width: 501px) 100vw, 501px\" \/><a href=\"https:\/\/oberoesterreich.klimabuendnis.at\/aktuelles\/vs-lohnsburg\" target=\"_blank\"><img loading=\"lazy\" decoding=\"async\" width=\"526\" height=\"501\" src=\"https:\/\/vs-lohnsburg.at\/wp-content\/uploads\/2023\/04\/KLIMABUENDNIS_Klein.png\" class=\"slider-1027 slide-1032 msDefaultImage\" alt=\"\" data-caption=\"&lt;div&gt;Bild klicken und Beitrag &amp;ouml;ffnen&lt;\/div&gt;\" data-thumb=\"\" title=\"KLIMABUENDNIS_Klein\" rel=\"\" srcset=\"https:\/\/vs-lohnsburg.at\/wp-content\/uploads\/2023\/04\/KLIMABUENDNIS_Klein.png 526w, https:\/\/vs-lohnsburg.at\/wp-content\/uploads\/2023\/04\/KLIMABUENDNIS_Klein-300x286.png 300w\" sizes=\"auto, (max-width: 526px) 100vw, 526px\" \/><\/a><a href=\"https:\/\/vs-lohnsburg.at\/wp-content\/uploads\/2023\/04\/Expert.Schule.Auszeichnung-1.pdf\" target=\"_blank\"><img loading=\"lazy\" decoding=\"async\" width=\"198\" height=\"198\" src=\"https:\/\/vs-lohnsburg.at\/wp-content\/uploads\/2023\/04\/Expert-Schule.png\" class=\"slider-1027 slide-1374 msDefaultImage\" alt=\"\" data-caption=\"&lt;div&gt;Bild klicken und Auszeichnung &amp;ouml;ffnen&lt;\/div&gt;\" data-thumb=\"\" title=\"Expert-Schule\" rel=\"\" srcset=\"https:\/\/vs-lohnsburg.at\/wp-content\/uploads\/2023\/04\/Expert-Schule.png 198w, https:\/\/vs-lohnsburg.at\/wp-content\/uploads\/2023\/04\/Expert-Schule-150x150.png 150w, https:\/\/vs-lohnsburg.at\/wp-content\/uploads\/2023\/04\/Expert-Schule-70x70.png 70w, https:\/\/vs-lohnsburg.at\/wp-content\/uploads\/2023\/04\/Expert-Schule-125x125.png 125w\" sizes=\"auto, (max-width: 198px) 100vw, 198px\" \/><\/a><a href=\"https:\/\/www.mintschule.at\/alle-fotos-der-mint-verleihung-2023\/#bwg11\/3121\" target=\"_self\"><img loading=\"lazy\" decoding=\"async\" width=\"653\" height=\"313\" src=\"https:\/\/vs-lohnsburg.at\/wp-content\/uploads\/2023\/06\/mint-guetesiegel_2023.jpg\" class=\"slider-1027 slide-1533 msDefaultImage\" alt=\"\" data-caption=\"\" data-thumb=\"\" title=\"mint-guetesiegel_2023\" rel=\"\" srcset=\"https:\/\/vs-lohnsburg.at\/wp-content\/uploads\/2023\/06\/mint-guetesiegel_2023.jpg 653w, https:\/\/vs-lohnsburg.at\/wp-content\/uploads\/2023\/06\/mint-guetesiegel_2023-300x144.jpg 300w\" sizes=\"auto, (max-width: 653px) 100vw, 653px\" \/><\/a><img loading=\"lazy\" decoding=\"async\" width=\"1200\" height=\"1200\" src=\"https:\/\/vs-lohnsburg.at\/wp-content\/uploads\/2024\/10\/siegel-s-2023.png\" class=\"slider-1027 slide-3453 msDefaultImage\" alt=\"\" data-caption=\"\" data-thumb=\"\" title=\"siegel-s-2023\" rel=\"\" srcset=\"https:\/\/vs-lohnsburg.at\/wp-content\/uploads\/2024\/10\/siegel-s-2023.png 1200w, https:\/\/vs-lohnsburg.at\/wp-content\/uploads\/2024\/10\/siegel-s-2023-300x300.png 300w, https:\/\/vs-lohnsburg.at\/wp-content\/uploads\/2024\/10\/siegel-s-2023-1024x1024.png 1024w, https:\/\/vs-lohnsburg.at\/wp-content\/uploads\/2024\/10\/siegel-s-2023-150x150.png 150w, https:\/\/vs-lohnsburg.at\/wp-content\/uploads\/2024\/10\/siegel-s-2023-768x768.png 768w, https:\/\/vs-lohnsburg.at\/wp-content\/uploads\/2024\/10\/siegel-s-2023-70x70.png 70w, https:\/\/vs-lohnsburg.at\/wp-content\/uploads\/2024\/10\/siegel-s-2023-246x246.png 246w, https:\/\/vs-lohnsburg.at\/wp-content\/uploads\/2024\/10\/siegel-s-2023-276x276.png 276w, https:\/\/vs-lohnsburg.at\/wp-content\/uploads\/2024\/10\/siegel-s-2023-125x125.png 125w\" sizes=\"auto, (max-width: 1200px) 100vw, 1200px\" \/><img loading=\"lazy\" decoding=\"async\" width=\"3064\" height=\"3064\" src=\"https:\/\/vs-lohnsburg.at\/wp-content\/uploads\/2025\/02\/Partnerschule-Logo-Digitale-Drehtuer.png\" class=\"slider-1027 slide-3691 msDefaultImage\" alt=\"\" data-caption=\"\" data-thumb=\"\" title=\"Partnerschule Logo - Digitale Dreht\u00fcr\" rel=\"\" srcset=\"https:\/\/vs-lohnsburg.at\/wp-content\/uploads\/2025\/02\/Partnerschule-Logo-Digitale-Drehtuer.png 3064w, https:\/\/vs-lohnsburg.at\/wp-content\/uploads\/2025\/02\/Partnerschule-Logo-Digitale-Drehtuer-300x300.png 300w, https:\/\/vs-lohnsburg.at\/wp-content\/uploads\/2025\/02\/Partnerschule-Logo-Digitale-Drehtuer-1024x1024.png 1024w, https:\/\/vs-lohnsburg.at\/wp-content\/uploads\/2025\/02\/Partnerschule-Logo-Digitale-Drehtuer-150x150.png 150w, https:\/\/vs-lohnsburg.at\/wp-content\/uploads\/2025\/02\/Partnerschule-Logo-Digitale-Drehtuer-768x768.png 768w, https:\/\/vs-lohnsburg.at\/wp-content\/uploads\/2025\/02\/Partnerschule-Logo-Digitale-Drehtuer-1536x1536.png 1536w, https:\/\/vs-lohnsburg.at\/wp-content\/uploads\/2025\/02\/Partnerschule-Logo-Digitale-Drehtuer-2048x2048.png 2048w, https:\/\/vs-lohnsburg.at\/wp-content\/uploads\/2025\/02\/Partnerschule-Logo-Digitale-Drehtuer-70x70.png 70w, https:\/\/vs-lohnsburg.at\/wp-content\/uploads\/2025\/02\/Partnerschule-Logo-Digitale-Drehtuer-246x246.png 246w, https:\/\/vs-lohnsburg.at\/wp-content\/uploads\/2025\/02\/Partnerschule-Logo-Digitale-Drehtuer-276x276.png 276w, https:\/\/vs-lohnsburg.at\/wp-content\/uploads\/2025\/02\/Partnerschule-Logo-Digitale-Drehtuer-125x125.png 125w\" sizes=\"auto, (max-width: 3064px) 100vw, 3064px\" \/><\/div><\/div>\n        \n    <\/div>\n<\/div>\r\n\r\n\r\n","protected":false},"excerpt":{"rendered":"<p>\u00d6KOLOGSCHULE \u00a0 \u00a0 \u00a0 \u00a0 \u00a0 \u00a0 \u00a0 \u00a0 \u00a0 \u00a0 \u00a0 \u00a0 \u00a0 \u00a0 \u00a0 \u00a0 \u00a0 \u00a0 \u00a0 &hellip; <\/p>\n","protected":false},"author":1,"featured_media":0,"parent":0,"menu_order":0,"comment_status":"closed","ping_status":"closed","template":"","meta":{"footnotes":""},"class_list":["post-1002","page","type-page","status-publish","hentry"],"_links":{"self":[{"href":"https:\/\/vs-lohnsburg.at\/index.php?rest_route=\/wp\/v2\/pages\/1002","targetHints":{"allow":["GET"]}}],"collection":[{"href":"https:\/\/vs-lohnsburg.at\/index.php?rest_route=\/wp\/v2\/pages"}],"about":[{"href":"https:\/\/vs-lohnsburg.at\/index.php?rest_route=\/wp\/v2\/types\/page"}],"author":[{"embeddable":true,"href":"https:\/\/vs-lohnsburg.at\/index.php?rest_route=\/wp\/v2\/users\/1"}],"replies":[{"embeddable":true,"href":"https:\/\/vs-lohnsburg.at\/index.php?rest_route=%2Fwp%2Fv2%2Fcomments&post=1002"}],"version-history":[{"count":149,"href":"https:\/\/vs-lohnsburg.at\/index.php?rest_route=\/wp\/v2\/pages\/1002\/revisions"}],"predecessor-version":[{"id":4984,"href":"https:\/\/vs-lohnsburg.at\/index.php?rest_route=\/wp\/v2\/pages\/1002\/revisions\/4984"}],"wp:attachment":[{"href":"https:\/\/vs-lohnsburg.at\/index.php?rest_route=%2Fwp%2Fv2%2Fmedia&parent=1002"}],"curies":[{"name":"wp","href":"https:\/\/api.w.org\/{rel}","templated":true}]}}